s 11514912769 composite?
True
Is 8464822907 a composite number?
False
Is 549577685 prime?
False
Is 378916493 a composite number?
False
Is 24810211 a prime number?
True
Is 118271942773 prime?
False
Is 119654849 prime?
True
Is 1321084111 a prime number?
False
Is 9345560141 prime?
True
Is 38149732451 a prime number?
True
Is 668308313 a prime number?
False
Is 65022067241 a composite number?
False
Is 503912719 a composite number?
True
Is 815016557 a prime number?
True
Is 3808091219 a prime number?
False
Is 1005233827 composite?
True
Is 1998422169 prime?
False
Is 1320168299 prime?
False
Is 1356321649 composite?
True
Is 523301927 a composite number?
False
Is 3120426607 a prime number?
False
Is 372566819 prime?
False
Is 18394534601 composite?
False
Is 1384601189 a composite number?
False
Is 4696818989 composite?
False
Is 308711899 a prime number?
False
Is 17315860421 a composite number?
False
Is 180152014603 a composite number?
True
Is 1190278259 a composite number?
False
Is 77640131 prime?
False
Is 645069269 a prime number?
False
Is 453210709 a prime number?
False
Is 5932242467 composite?
False
Is 8317332743 a prime number?
False
Is 15146597701 a composite number?
False
Is 137113557281 composite?
False
Is 3557318651 a prime number?
True
Is 206447029 composite?
True
Is 2914547599 composite?
False
Is 53093767 a composite number?
True
Is 78662701 a prime number?
False
Is 597424861 a composite number?
True
Is 825834881 composite?
True
Is 16413405419 a prime number?
True
Is 9877524907 a composite number?
False
Is 12059594207 a prime number?
False
Is 79056191 a prime number?
True
Is 8468422271 a prime number?
True
Is 73267989791 prime?
False
Is 16568492341 a composite number?
True
Is 9551604067 prime?
True
Is 300867731 prime?
True
Is 2201443541 a composite number?
True
Is 2348616427 a composite number?
True
Is 1807561589 a prime number?
False
Is 64985887829 a composite number?
False
Is 136686886733 composite?
False
Is 2139433437 composite?
True
Is 233177635 a prime number?
False
Is 16103802579 a composite number?
True
Is 7946845349 prime?
False
Is 83829496477 prime?
True
Is 3746791813 a composite number?
False
Is 13001192851 prime?
True
Is 182032699 prime?
True
Is 6441756313 a composite number?
False
Is 5367449159 prime?
False
Is 333041879 a prime number?
False
Is 88717393 composite?
False
Is 246154014299 composite?
False
Is 155323573 prime?
False
Is 28439562737 a prime number?
True
Is 60059999 prime?
True
Is 690192049 composite?
True
Is 19434397783 a prime number?
True
Is 236226853 a composite number?
True
Is 853407043 a prime number?
False
Is 52441724789 a prime number?
True
Is 125428878749 composite?
True
Is 38472047 prime?
True
Is 87956011851 a prime number?
False
Is 3017344663 prime?
True
Is 9022729181 a prime number?
False
Is 23501778523 a prime number?
False
Is 14404478951 composite?
True
Is 1250334497 a prime number?
True
Is 6576424699 composite?
True
Is 10274263031 a prime number?
True
Is 8787795145 a composite number?
True
Is 391985651 prime?
True
Is 18550109273 a prime number?
True
Is 43353328321 prime?
False
Is 1371824593 composite?
False
Is 309446177 a prime number?
False
Is 301804213 prime?
False
Is 941205569 composite?
False
Is 438961013 prime?
True
Is 805179829 composite?
True
Is 2125775921 a composite number?
False
Is 54920891749 a composite number?
True
Is 45616935379 composite?
False
Is 1644028759 composite?
False
Is 16278483061 composite?
True
Is 106296167 prime?
True
Is 2197219777 composite?
False
Is 1576953815 prime?
False
Is 1169883151 composite?
True
Is 1141936645 a prime number?
False
Is 1951066231 a composite number?
False
Is 168911677841 prime?
True
Is 5213845079 composite?
False
Is 10849228063 prime?
True
Is 1206037397 composite?
False
Is 480298601 composite?
True
Is 38159146873 prime?
True
Is 11643292699 a prime number?
False
Is 906599609 prime?
False
Is 3066748591 prime?
True
Is 36551564143 a prime number?
False
Is 1502593445 a prime number?
False
Is 2239708589 a prime number?
False
Is 43797372301 composite?
False
Is 952170743 prime?
False
Is 158154149 prime?
True
Is 255734327 a prime number?
True
Is 4138496783 prime?
True
Is 505975931 composite?
True
Is 51208389933 a composite number?
True
Is 149212547391 a composite number?
True
Is 180933455491 a prime number?
False
Is 2041912519 prime?
True
Is 153469138645 composite?
True
Is 194169216907 a composite number?
True
Is 5866600013 composite?
True
Is 4000793039 prime?
False
Is 3056332681 a prime number?
True
Is 1841746483 composite?
True
Is 1522611583 a prime number?
True
Is 319573646957 prime?
False
Is 2056317877 a composite number?
True
Is 24261191 composite?
True
Is 53850962471 prime?
True
Is 52879297 a prime number?
True
Is 93193783 prime?
False
Is 37621977577 composite?
True
Is 23226065011 a composite number?
False
Is 15330672407 a composite number?
True
Is 44701499003 prime?
False
Is 1288039499 prime?
True
Is 2447136491 a composite number?
False
Is 15927246347 a prime number?
True
Is 82001459 prime?
False
Is 4137131057 a composite number?
False
Is 445075447 a prime number?
True
Is 2169348011 prime?
True
Is 2108043103 composite?
True
Is 323252081 prime?
True
Is 667823341 a prime number?
True
Is 2105385203 a composite number?
False
Is 7326370099 composite?
True
Is 20938495541 prime?
True
Is 60594789947 a composite number?
True
Is 11000476343 composite?
False
Is 101809461367 a prime number?
True
Is 917554679 composite?
False
Is 1839359153 a prime number?
True
Is 1261091551 a composite number?
False
Is 28157085293 composite?
False
Is 3545232865 a prime number?
False
Is 518938113 prime?
False
Is 56398757603 a composite number?
True
Is 57417087083 a prime number?
False
Is 284502073 a prime number?
True
Is 10258322783 a composite number?
False
Is 1097472193 prime?
True
Is 18216306917 prime?
True
Is 13195844201 composite?
False
Is 6408177515 composite?
True
Is 382238264663 composite?
False
Is 37697233921 a composite number?
False
Is 350265679 a composite number?
True
Is 52892267 a composite number?
True
Is 47988823 a prime number?
False
Is 6449569831 prime?
True
Is 14839800487 composite?
False
Is 55454379053 prime?
True
Is 11047979879 a composite number?
True
Is 148575061 composite?
False
Is 20492456839 a composite number?
True
Is 2303745137 a prime number?
False
Is 875724169 a composite number?
True
Is 115695949654 composite?
True
Is 448868109 prime?
False
Is 33304099181 prime?
False
Is 21523054067 a composite number?
True
Is 53444023 a composite number?
True
Is 3924763223 a composite number?
False
Is 19993954957 a prime number?
False
Is 431790199 composite?
False
Is 412478863 a prime number?
False
Is 6698964157 composite?
True
Is 1383422569 composite?
True
Is 13392559073 a composite number?
True
Is 1494244591 prime?
False
Is 13306248623 a composite number?
False
Is 30987438791 a prime number?
True
Is 3754224973 prime?
True
Is 14098541573 a composite number?
True
Is 31207544881 prime?
True
Is 18341463949 composite?
False
Is 718378477 composite?
False
Is 65400221 a prime number?
False
Is 1658714693 composite?
False
Is 8515930637 prime?
True
Is 3871423951 prime?
True
Is 54587581 a composite number?
True
Is 610069129 composite?
True
Is 4213461991 prime?
True
Is 66689678569 a prime number?
False
Is 1405477033 a composite number?
True
Is 359189867 a prime number?
False
Is 58797000781 a prime number?
False
Is 9012160363 a prime number?
True
Is 129165499237 a prime number?
True
Is 3077423191 composite?
True
Is 491004907 a prime number?
True
Is 732043271 a prime number?
False
Is 25365668605 composite?
True
Is 264960257 composite?
False
Is 14587942319 prime?
True
Is 427612583 a prime number?
True
Is 1723930183 a composite number?
True
Is 772715011 a composite number?
True
Is 217262369 composite?
False
Is 16518075251 a prime number?
True
Is 239163251 a prime number?
True
Is 1213308689 a composite number?
True
Is 384094783 composite?
True
Is 518253761 a composite number?
True
Is 1555601401 prime?
True
Is 71666958707 a composite number?
False
Is 61015972531 a composite number?
False
Is 19075713721 a composite number?
False
Is 3035602041 prime?
False
Is 75435478577 prime?
False
Is 2192083279 composite?
False
Is 4693798507 a composite number?
False
Is 1274492041 a composite number?
True
Is